hat is the units digit of k?
4
Suppose g + 5*h - 148 = 0, -g = 4*h - 0*h - 149. What is the tens digit of g?
5
Suppose 2*k + 74 = u + 5*k, u + 4*k - 70 = 0. What is the tens digit of u?
8
What is the units digit of -1*((-1)/(2 + -1) - 4)?
5
Let l(c) be the first derivative of -c**3/3 - 3*c**2/2 + 3*c + 2. Let v be l(-6). Let f = v - -26. What is the tens digit of f?
1
Let a = -128 + 235. Suppose 0 = -5*f + 2*z + a, -2*f - 4*z = -45 + 7. What is the tens digit of f?
2
Suppose 0*o - 2 = -o. Suppose 3*u + 20 = 4*s, u = 2*s - 3*s - o. Let k(f) = -f + 5. What is the units digit of k(u)?
9
Let m(w) = -w**3 + 4*w**2 + 8*w - 7. Let j = -3 - -8. Let b be m(j). Suppose -b = -v - 2. What is the units digit of v?
6
Suppose 4*b - 77 = 3*b. Let c = -54 + b. What is the units digit of c?
3
Suppose 0 = p + 2. Let t be (-1)/p - (-11)/(-2). Let w = 11 + t. What is the units digit of w?
6
Suppose 4*a - 243 = -3*t + 132, 0 = -t - 2*a + 123. What is the hundreds digit of t?
1
Suppose 2*m + 8*d - 3*d = 0, -d = m - 3. What is the units digit of m?
5
Suppose -91 = 4*q - 5*q. What is the tens digit of q?
9
Suppose 60 + 84 = 4*l. What is the tens digit of l?
3
Let g(d) = -57*d**3 + d**2 + 4*d + 2. What is the units digit of g(-1)?
6
Let w(p) = -6 + p**2 - 6 + 3*p + 4 + 4. What is the units digit of w(3)?
4
Suppose 2 = -p + 11. Let a(f) = -f**2 + 10*f + 7. What is the tens digit of a(p)?
1
Suppose 4*o - 5*o + 76 = 0. What is the units digit of o?
6
Suppose 0 = 2*j + 6 + 4, -3*h - 2*j + 56 = 0. Let f = h - 15. What is the units digit of f?
7
Suppose -2*w + v - 14 + 1 = 0, -10 = 2*w - 4*v. Let z = -5 - w. Suppose -z*r - 5 = 5, 5*d + 5*r - 20 = 0. What is the units digit of d?
9
Let i(j) = 2*j. Let z be 38/8 + (-4)/(-16). What is the tens digit of i(z)?
1
Suppose -7 = -3*p + 92. Let t = -10 + p. What is the tens digit of t?
2
Let n = -73 - -139. What is the tens digit of n?
6
Let z be (-162)/(-30) - 2/5. Suppose -5*y + 0*y = -3*n - 196, -y + 4*n = -46. Suppose z*g - 98 = -y. What is the units digit of g?
2
Let a be (-10)/(-4)*(-6)/(-5). Suppose v + a = 4*v. What is the units digit of 54/8 - v/(-4)?
7
Let k = 11 + -7. Suppose k*t = a + t - 21, 3*a = t + 31. What is the units digit of a?
9
Let d(h) = -h + 1. Let x be d(2). Let q be (-3 - x) + (3 - -2). What is the units digit of 38/4 - q/6?
9
Let s = 5 + 0. Suppose 3*k = 2*b - 9 - 7, 4*k + 26 = s*b. What is the units digit of (-4)/b*1 - -7?
5
Let a(n) = n - 6. Let h be a(10). Let w = h - 8. Let p = 9 + w. What is the units digit of p?
5
Let z be (1 + 1)/(3/6). Suppose 5*q = -0*g + z*g - 2, 4*q + 4 = 4*g. Suppose -6 - 12 = -g*d. What is the units digit of d?
6
Suppose -2*a = 5*s - 93, -91 = -s - 4*s - 4*a. Suppose -j = -n + s, 0*n - j = n - 23. What is the tens digit of n?
2
Suppose 2*b - t - 23 = 0, -4*b - 4*t = -10 - 6. Suppose -b*x = -5*x - 116. What is the units digit of x?
9
Let c(w) = 4*w**2 - 1. Suppose 0 = 3*s - 0 + 6. What is the units digit of c(s)?
5
Let k be ((-6)/(4/4))/2. What is the units digit of (-2)/(-2*k/(-21))?
7
Let q = 38 - -144. What is the tens digit of q?
8
Suppose 4*l - 5*n = -0*l - 12, 4*n - 26 = -5*l. Suppose -h + 109 = 3*u, 0 = -l*h - 0 - 10. What is the tens digit of u?
3
Suppose 3*k - 9 = -0*k. Suppose -4*y - b + 22 = 0, -k*y + 3*b + 11 = b. Suppose 3*s - 6*s = -y*f - 19, s = 2*f + 6. What is the units digit of s?
8
What is the units digit of 0/(3 - 4) + 122?
2
Let k = -59 - -174. What is the units digit of k?
5
Let a be (-229)/(-4) + 11/(-44). Let s = a - 20. What is the units digit of s?
7
Suppose 3*f + 0*r + 30 = -r, 25 = -2*f + r. Let u = -7 - f. What is the units digit of -15*((-16)/6)/u?
0
Suppose -b = -5*o - 50, 4*o - 22 = -2*b + 36. Suppose 0 = 4*s - 3*s - b. What is the units digit of s?
5
Let l(g) = 19*g**3 - 2*g**2 + 2*g - 1. Let d be l(1). Let x = d - 10. What is the units digit of x?
8
Let l(f) = -12*f + 2. What is the tens digit of l(-1)?
1
Suppose 0 = -0*z - 3*z + 45. Let r = 21 - z. Suppose -15 = -3*k - r. What is the units digit of k?
3
Let k = 1 - -2. Suppose 0*p + 6 = k*p. Suppose 3*z + d = p*d + 24, -25 = -4*z - d. What is the units digit of z?
7
Let l = 7 + -4. Suppose 9 = 2*n + l*j - 12, -4*j = -n + 5. What is the units digit of n?
9
Let c(r) = -r**3 + 6*r**2 + 3*r - 7. Let m(q) = -q**3 - 10*q**2 + 10*q - 6. Let d be m(-11). What is the units digit of c(d)?
3
Suppose 0 = -5*f + 763 + 157. What is the units digit of f?
4
Suppose 67 + 125 = 3*z. What is the units digit of z?
4
Suppose -5*x + 11 = -4. What is the units digit of 3/(-9) - (-25)/x?
8
Let l = 16 + 12. Let u = l + 1. What is the units digit of u?
9
Let w(r) = 0 - 3 + 8*r - 2*r. What is the units digit of w(3)?
5
What is the units digit of 4/22 + 155/(-220)*-4?
3
Let g(f) = -4*f**2 - 4*f + 0*f + 5*f**2 + 0*f**2 - 2. Let y be g(8). Suppose -4*c = -30 - y. What is the units digit of c?
5
Let a(x) = -2*x**3 + x**2 + 2*x + 1. Let c be a(-1). Suppose -3*f + 20 = 4*u, 11 = -c*f + 3. What is the units digit of u?
8
Let a = -27 - -55. What is the tens digit of a?
2
Let x = 6 + -5. Let h(y) = 41*y**2 - 1. What is the units digit of h(x)?
0
Suppose 2*p - 168 = -0*p. Suppose -7*t = -11*t + p. What is the units digit of t?
1
Suppose -3*m + 10 = 2*m. Suppose h = c - 1, m*h + 1 + 1 = c. What is the units digit of (c - 1 - -1) + 2?
2
Let i(n) = -15*n + 4. What is the tens digit of i(-5)?
7
Let v = 3 - 8. Let b(d) = 0*d + 4 - 6*d**2 - 6*d + 2*d**3 - 3*d**3. What is the units digit of b(v)?
9
Let f(w) = 31*w + 1. Let h be f(-1). What is the units digit of (-10)/h*(-1 + 19)?
6
Let y(l) = 16*l**2 - 1. What is the units digit of y(-1)?
5
Let p = -2 - -7. Suppose 3*o - l - 40 = -6*l, 0 = p*o - 2*l - 46. What is the tens digit of o?
1
Suppose 0 = -2*z - 2*z + 92. Suppose b + 3 - z = -h, -2*b + 23 = h. What is the tens digit of h?
1
Let f = 13 + -19. What is the tens digit of 2/(f/(-93)) + 0?
3
Suppose 5*k = 3 + 7. Suppose 0 = -5*s - k*a + 7*a + 105, -4*a - 12 = -s. What is the units digit of s?
4
Let i be 16*(-1 + 0 + -3). Let h = -42 - i. What is the units digit of h?
2
Let u be 1*0*(0 - 1). Suppose 0 = l + 3*l. What is the units digit of 2 + (u - (l + -1))?
3
Let p = -5 - -5. Suppose -7 = -2*n - 3*b, p*b + 15 = -3*b. Let m = n - -5. What is the tens digit of m?
1
Let i be 1 + 0 - (1 + 10). Let x = i - -7. Let u(q) = q**3 + 4*q**2 + q - 3. What is the units digit of u(x)?
3
Suppose 0*v - 2*v + 134 = 0. What is the tens digit of v?
6
Let w = -7 + 20. Let t = w - 7. What is the units digit of (18/(-12))/((-1)/t)?
9
Let s(h) = h + 6. Let y be s(5). Suppose -y - 18 = -v. What is the tens digit of v?
2
Let p = 6 + -3. Suppose -p*h - w + 3*w = -19, 6 = -3*w. What is the units digit of h?
5
Suppose 5*l = 9 - 114. Let m = l - -13. Let f(r) = r**3 + 8*r**2 + 2. What is the units digit of f(m)?
2
What is the units digit of -3 + (-7)/(-7) + 23*3?
7
Let q(b) = 3*b - 3 - 10*b - 4*b**2 + 3*b**2. Let i be q(-5). Suppose -3 - i = -x. What is the units digit of x?
0
Let x(s) = -s - 3. Suppose 4*y - y = -24. Let o be x(y). Suppose -5*b = o*q - 25, -2*b = b + 5*q - 15. What is the units digit of b?
5
Suppose -4*a + 0*j = -3*j - 21, -2*a + 9 = -j. Suppose -i + 5 = q - 12, -a*i + 3*q = -33. What is the tens digit of i?
1
Suppose 6 = 2*g - 0*g. Suppose 0 = z - 2*m - 27, g*z = 7*z - 3*m - 98. What is the units digit of z?
3
Let s be (15 + -5)/((-2)/(-4)). Let w = 35 - s. What is the units digit of w?
5
Suppose g = 3*u - 91, 2*u + 2*g = 31 + 35. What is the tens digit of u?
3
Let m be (-2)/4*2 - -5. Suppose 6 = m*s - s. What is the units digit of s?
2
Let u(h) = 2*h**3 + 5*h**2 - 5*h + 3. What is the tens digit of u(3)?
8
What is the units digit of ((-64)/(-20))/(8/100)?
0
Let n = 9 - -27. What is the units digit of n?
6
Let i(w) = w + 6. Let d be i(-3). Let a = d + 2. What is the units digit of a?
5
Let c(s) = -s**3 + s**2 - s + 21. What is the units digit of c(0)?
1
Let m = -15 + 7. What is the units digit of (m + 0)*(-3)/4?
6
Suppose r + 30 = -4*r. Let q = -4 - r. Suppose 8*v = -q*o + 4*v + 8, 39 = 3*o - 3*v. What is the units digit of o?
0
Suppose 2*n = -2*v + 142 - 48, 9 = -3*n. What is the units digit of v?
0
Suppose -5*s + 47 = -3. Suppose s = r - 6*r. What is the units digit of (-1)/r - 52/(-8)?
7
Suppose 0 = -0*m - 2*m + 28. Suppose 0*a = -a + m.